(a) = 7*a - 2. Let c be v(-3). Suppose -j = -t - 30, t - 62 = -2*j + 4. Let g = c + j. Calculate the highest common factor of 27 and g.
9
Suppose 2*n = -4 - 8. Let k be ((-4)/n)/((-10)/(-75)). What is the greatest common divisor of k and 45?
5
Suppose -5*z - 5*d + 15 = 0, -2*d = -3*d + 5. Let s be 11 + (-3 - (z - 0)). Let a be 2/5 + 48/5. Calculate the highest common factor of a and s.
10
Let j(l) = 26*l. Suppose -4*m + 1 = 3*v, -3*m - 5*v + 2 - 4 = 0. Let b be j(m). Suppose 0 = x - 181 + 77. What is the highest common factor of x and b?
26
Let s(q) = q + 17. Let w(g) = g**2 + 7*g - 8. Let u be w(-7). Let b be s(u). What is the highest common divisor of 6 and b?
3
Let f(x) = x**2 + 7*x + 2. Let c be f(-7). Suppose c*s + 2*s = -96. Let k = -8 - s. Calculate the greatest common divisor of 16 and k.
16
Let j(g) = 18*g**2 - 2*g - 2. Let z be j(-1). Let i be (z/3 + -2)*4. What is the greatest common divisor of 176 and i?
16
Let y = 62 + -42. Calculate the highest common factor of 40 and y.
20
Let l be 3*-1 - (0 + -11). Let t = l - 3. Suppose -3*v - 141 = -t*o - 6*v, -2*o = -3*v - 48. What is the greatest common factor of 9 and o?
9
Let q = -249 + 273. What is the greatest common divisor of 24 and q?
24
Let q = -32 + 22. Let a = q - -199. What is the highest common divisor of a and 21?
21
Let q = -67 + 63. Let f be -1*((-4)/q)/(-3)*3. Calculate the highest common factor of f and 8.
1
Let a(o) = -o**3 - 5*o**2 + 3*o + 6. Let s be a(-6). Suppose -181 - 149 = 5*i. Let k be i/(-6) + (0 - -1). What is the highest common factor of s and k?
12
Let q(j) = j**3 - j**2 - 6*j + 6. Let b be q(5). Let k = b - 32. Let n be 1 + k + 3 - -2. Calculate the greatest common divisor of n and 10.
10
Let m be 2 - ((0 - -7) + -2). Let w = 9 + m. Suppose -l - w = -166. Calculate the greatest common divisor of l and 20.
20
Suppose s - 3*k = -9, -5*k + 25 = s - 6*s. Suppose 0 = -5*f + 3*a - 0*a + 53, -5*f = 3*a - 77. Let l = f - s. Calculate the greatest common factor of l and 160.
16
Suppose -8 = -5*w + 17. Suppose 2*a + 2*a + 4 = -5*b, w*b + 20 = 0. Let m be (85/(-10))/((-2)/a). Calculate the greatest common factor of m and 119.
17
Suppose -3*g + 12 = 0, -2*f + 5 - 1 = -5*g. Suppose 2*i = -0*i - 84. Let a = 54 - i. Calculate the greatest common factor of a and f.
12
Let m = -124 + 166. Suppose 2*h - 1 = 11. What is the highest common divisor of h and m?
6
Let m be (21 - (46 - 15))/((-4)/6). Let o = -48 - -93. Calculate the greatest common divisor of o and m.
15
Let l = -2308 + 2417. What is the greatest common divisor of l and 3597?
109
Let m be (-17 - 1)*2/(-3). Let o = -1630 - -1690. Calculate the highest common factor of m and o.
12
Let o(u) = 22*u**2 + 26*u**2 - 1 + 3*u**2. Let w be o(-1). Let i be w/8 - (-7)/(-28). Calculate the highest common factor of i and 24.
6
Let l be 4 + (-18)/(-12)*12. Calculate the highest common divisor of l and 176.
22
Suppose 22*h - 20*h = -4*a + 156, 0 = 3*a - 5*h - 143. What is the greatest common divisor of a and 41?
41
Suppose -63 = 3*y - 2*o + 6*o, 4*y + 84 = -o. Let m = y - -121. Suppose 5*u - 327 = -127. Calculate the greatest common factor of m and u.
20
Suppose 2*o = -0*o + 5*c - 64, 0 = -3*c. Let y be 8/o - 321/(-4). What is the highest common divisor of 32 and y?
16
Let t(b) = b**2 - 5*b + 8. Let q be t(6). Let z(k) = k**2 - 3*k + 3. Let j = 15 + -9. Let a be z(j). What is the highest common factor of a and q?
7
Let a = 1968 - 1014. What is the highest common divisor of a and 53?
53
Let l(s) = -s. Let i(o) = o + 22. Let q(d) = i(d) + 2*l(d). Let u be q(-6). Calculate the highest common divisor of 4 and u.
4
Let g(d) = -d**2 + 13*d - 37. Let v be g(5). Suppose -2 = -m + 3*m. Let c be (m/(-2))/(2/48). Calculate the greatest common divisor of v and c.
3
Suppose 4*g + 39 = 17*g. Suppose -3*l - 237 = -g*y, 3 = -2*l - 7. What is the greatest common divisor of 111 and y?
37
Suppose g - 2*b - 3*b - 689 = 0, g - 4*b - 688 = 0. What is the greatest common factor of g and 72?
36
Let a be 6/((-2)/21*-3). Suppose 24*d + 36*d = d + 8673. What is the highest common divisor of d and a?
21
Suppose 20*t + 6 = 22*t. Suppose 2*r = a - 13, 89 = 6*a - t*a + 4*r. What is the greatest common factor of 161 and a?
23
Suppose -46 = b - 230. Suppose 3*m - 46*t = -49*t + 123, 210 = 5*m + 4*t. What is the greatest common factor of m and b?
46
Let r = 390 - 382. What is the highest common divisor of 216 and r?
8
Suppose 0*h = -2*h + 4. Suppose -2*z + 0*z + h = 3*a, 8 = a - 3*z. Suppose -18 = -2*i + 3*y, -a*y - 2*y = 0. What is the greatest common divisor of 81 and i?
9
Let k(g) = g - 6. Let f be k(6). Suppose f = x - 3*q + 6, -2*x - 15 = -4*x - 3*q. What is the highest common divisor of x and 27?
3
Let s = 2290 + -2042. Calculate the greatest common factor of s and 434.
62
Suppose -9 = 2*a - 63. Let b = -47 + 49. Suppose -34 = -5*r - 5*s + 1, b*s = 2*r + 2. What is the highest common divisor of r and a?
3
Let b be (-29)/(-2) + (-3)/2. Let w be b/3 - (-1)/(-3). Let h be w/6 - (-48)/9. Calculate the highest common divisor of 3 and h.
3
Let k = 34 - 10. Let d(c) = 24*c**2 - c + 1. Let q be d(1). What is the highest common factor of q and k?
24
Suppose l - o + 5 = 0, 0*o + o - 13 = 3*l. Let u be l/(-3) - 4/3. Let a be ((-3)/6 - u)*-22. Calculate the greatest common factor of 11 and a.
11
Let m be ((-6 + 1)/(-10))/((-1)/(-10)). Suppose a = 0, 5*a - 1 + 136 = m*g. Calculate the highest common factor of 189 and g.
27
Suppose -5*i = -3*d + 21, -5*d + 0*i + i = -57. Let y(l) = -l**3 - 14*l**2 - l + 279. Let u be y(-12). Calculate the greatest common factor of u and d.
3
Suppose -2*o + 5*s = 0, -o - 4*s + 13 = -0*o. Suppose -8*h + 39 = -o*h. Calculate the highest common factor of h and 13.
13
Let k = 351 - 315. What is the highest common factor of k and 4?
4
Let t(p) = -15*p**3 + 2*p + 1. Let g(c) = 14*c**3 - c - 1. Let q(j) = 4*g(j) + 3*t(j). Let l be q(1). What is the highest common divisor of l and 48?
12
Suppose w = g + 5*w + 11, -3*g + 19 = -w. Suppose -3*m + 5*j = g, 5*j - 2 = 3. Suppose 60 = -m*n + n. What is the greatest common factor of n and 12?
12
Suppose i + 0*i = 35. Let j = -32 + i. Calculate the highest common divisor of j and 2.
1
Let s(d) = d**3 + 7*d**2 - 6*d - 2. Suppose -3*j + 21 = -3*v - j, 4*j = -2*v - 14. Let r be s(v). What is the highest common divisor of 100 and r?
20
Suppose 95 = -b + 3*b - 3*i, -b + 52 = -3*i. What is the greatest common divisor of 215 and b?
43
Suppose 6 = 3*n - 0. Let c = -42 - -44. What is the highest common factor of n and c?
2
Let h(y) = -y - 5. Let l be h(6). Let i = l - -16. Suppose -3*t + 49 = -i*v, -9 = -t + 4*v + 19. Calculate the greatest common divisor of t and 2.
2
Let d be 86/(-3)*(-2 - (-1)/2). Suppose 38*r = d*r - 10. Calculate the greatest common factor of 8 and r.
2
Let n(v) = -27*v + 44. Let c be n(0). Calculate the greatest common factor of c and 8.
4
Suppose 7*y - 18*y = 1386. Let s = y - -234. What is the highest common divisor of 270 and s?
54
Let b = 55 + -53. Suppose -3*f + 21 = b*d - 4, 3*d = 3*f - 15. Calculate the greatest common factor of 7 and f.
7
Let r = 47 + 15. Let k(z) = -5*z - 1. Let x be k(-1). Let s = x + r. What is the greatest common factor of 22 and s?
22
Let g be 8/2 - (-24)/(-4). Let c be ((-2)/3)/(g/9) - -23. Calculate the greatest common factor of c and 91.
13
Let j(x) = -20*x - 148. Let d be j(-19). Calculate the greatest common divisor of 8 and d.
8
Let d(u) = 360*u**3 - 3*u**2 + u + 2. Let j be d(1). Calculate the greatest common divisor of j and 90.
90
Let a be -1*(-13 - -1)/(-3). Let h be (-2 - a)/(1/2). Suppose -h*j = -j - 30. What is the greatest common factor of j and 90?
10
Let z be (-4 - (-11 - -6))*-3 + 1797. Calculate the highest common divisor of z and 156.
78
Let t(m) = 11*m**2 - 2*m - 1. Suppose 4*o - 72 = 7*o. Let u be 10*(-4)/o*3. Let d be t(u). What is the highest common factor of 33 and d?
33
Let h be -1 - ((-3)/(-1) - 3). Let n be -2 - (-1)/(h/(-14)). Suppose p + 3*t - 6 = 0, t + 14 = 4*p + 3*t. What is the greatest common divisor of n and p?
3
Let r = -316 - -506. Suppose 29 = -2*t + o + 114, 5*t = -5*o + r. Suppose -70 = -j - 5*z, j + z = t + 33. Calculate the greatest common factor of j and 30.
15
Suppose 4965 + 9612 = 209*s - 53. Let r be (-6)/(-27) - 1